Calculate the greatest common divisor of 1450 and 15370.
290
What is the greatest common divisor of 176 and 688?
16
What is the greatest common divisor of 180 and 450?
90
Calculate the greatest common factor of 10763 and 47.
47
Calculate the greatest common divisor of 2456 and 5833.
307
Calculate the highest common factor of 369 and 41.
41
Calculate the greatest common divisor of 52337 and 199.
199
Calculate the greatest common factor of 10 and 3500.
10
What is the highest common divisor of 8 and 244?
4
Calculate the highest common divisor of 21376 and 128.
128
What is the highest common divisor of 315 and 10?
5
Calculate the greatest common factor of 33 and 528.
33
What is the highest common factor of 16 and 52?
4
Calculate the greatest common divisor of 40 and 50.
10
What is the highest common divisor of 350 and 125?
25
What is the highest common divisor of 297 and 1287?
99
Calculate the greatest common factor of 7092 and 36.
36
What is the greatest common factor of 69 and 4416?
69
What is the highest common factor of 5 and 95?
5
What is the highest common factor of 192 and 276?
12
Calculate the greatest common factor of 21 and 14.
7
What is the greatest common divisor of 304 and 437?
19
Calculate the greatest common divisor of 108 and 33156.
108
What is the greatest common factor of 15 and 5?
5
Calculate the greatest common factor of 175 and 105.
35
Calculate the highest common factor of 2387 and 11.
11
Calculate the greatest common divisor of 77 and 14.
7
Calculate the greatest common divisor of 259 and 4773.
37
What is the highest common divisor of 36 and 9?
9
Calculate the greatest common factor of 672 and 756.
84
What is the highest common divisor of 12 and 12?
12
Calculate the highest common factor of 172 and 602.
86
What is the highest common divisor of 25 and 65?
5
What is the greatest common factor of 2 and 349?
1
Calculate the greatest common factor of 1128 and 72.
24
Calculate the greatest common factor of 20 and 2020.
20
Calculate the highest common divisor of 14 and 175.
7
Calculate the highest common divisor of 1829 and 403.
31
What is the greatest common factor of 372 and 276?
12
What is the highest common divisor of 270 and 10?
10
Calculate the greatest common factor of 82 and 2.
2
Calculate the highest common divisor of 9516 and 48.
12
What is the greatest common divisor of 263 and 21829?
263
What is the greatest common factor of 1364 and 308?
44
What is the greatest common divisor of 12 and 1356?
12
Calculate the highest common factor of 3264 and 1326.
102
What is the greatest common factor of 5895 and 45?
45
What is the highest common factor of 276 and 6716?
92
Calculate the greatest common factor of 33868 and 4.
4
Calculate the greatest common factor of 63 and 15981.
21
What is the greatest common divisor of 2259 and 9?
9
Calculate the highest common factor of 7 and 77.
7
Calculate the greatest common factor of 38 and 1691.
19
Calculate the highest common factor of 126 and 609.
21
What is the greatest common divisor of 34 and 6137?
17
What is the greatest common divisor of 19 and 19?
19
Calculate the greatest common divisor of 3638 and 17.
17
Calculate the highest common divisor of 28 and 18242.
14
Calculate the greatest common factor of 43 and 256.
1
Calculate the greatest common divisor of 28 and 105.
7
Calculate the highest common factor of 55 and 495.
55
What is the highest common factor of 195 and 9?
3
What is the greatest common factor of 38 and 4123?
19
Calculate the highest common divisor of 5248 and 41.
41
What is the highest common divisor of 186 and 3627?
93
What is the highest common divisor of 64 and 24?
8
Calculate the greatest common factor of 1167 and 3.
3
Calculate the greatest common factor of 1735 and 5.
5
What is the greatest common factor of 730 and 20?
10
What is the greatest common divisor of 143 and 1243?
11
What is the highest common divisor of 112 and 1792?
112
What is the highest common factor of 69 and 299?
23
Calculate the greatest common divisor of 804 and 12.
12
What is the highest common factor of 120 and 45?
15
What is the greatest common factor of 28 and 15120?
28
What is the greatest common divisor of 2622 and 3726?
138
What is the greatest common divisor of 2912 and 13?
13
What is the highest common factor of 20 and 260?
20
What is the greatest common factor of 60 and 180?
60
Calculate the highest common factor of 10 and 50.
10
Calculate the greatest common divisor of 1215 and 108.
27
Calculate the highest common divisor of 679 and 582.
97
Calculate the highest common divisor of 408 and 16932.
204
What is the greatest common factor of 459 and 81?
27
What is the highest common divisor of 729 and 837?
27
Calculate the greatest common factor of 12 and 676.
4
Calculate the highest common factor of 15543 and 314.
157
What is the greatest common divisor of 113 and 1?
1
Calculate the greatest common factor of 441 and 504.
63
What is the highest common factor of 6 and 2607?
3
What is the highest common factor of 900 and 275?
25
What is the greatest common factor of 254 and 18?
2
What is the greatest common divisor of 15 and 9610?
5
What is the highest common divisor of 3 and 537?
3
What is the greatest common factor of 84 and 6510?
42
Calculate the highest common divisor of 1537 and 1007.
53
What is the greatest common divisor of 4 and 28?
4
Calculate the highest common factor of 1122 and 102.
102
What is the greatest common divisor of 160 and 13520?
80
What is the greatest common factor of 612 and 72?
36
What is the highest common divisor of 26 and 169?
13
Calculate the highest common divisor of 513 and 81.
27
What is the greatest common factor of 980 and 185?
5
Calculate the greatest common divisor of 632 and 64.
8
Calculate the greatest common factor of 28 and 4172.
28
What is the greatest common factor of 7800 and 225?
75
What is the greatest common divisor of 108 and 297?
27
Calculate the greatest common factor of 498 and 332.
166
What is the highest common factor of 434 and 806?
62
What is the greatest common divisor of 6 and 486?
6
Calculate the highest common divisor of 4047 and 284.
71
What is the highest common divisor of 3553 and 34?
17
Calculate the highest common factor of 1778 and 42.
14
What is the greatest common factor of 204 and 12?
12
Calculate the greatest common factor of 1342 and 550.
22
What is the highest common divisor of 23 and 2093?
23
What is the highest common divisor of 323 and 68?
17
Calculate the highest common factor of 1850 and 1184.
74
What is the highest common factor of 5 and 640?
5
What is the highest common factor of 299 and 1679?
23
Calculate the highest common divisor of 36733 and 109.
109
What is the greatest common divisor of 1085 and 31?
31
What is the greatest common factor of 322 and 42?
14
Calculate the highest common factor of 68 and 34.
34
What is the highest common factor of 25 and 6275?
25
What is the highest common divisor of 2743 and 65?
13
What is the highest common factor of 27 and 1?
1
Calculate the greatest common factor of 90 and 18.
18
What is the greatest common factor of 288 and 36?
36
What is the greatest common divisor of 2560 and 200?
40
What is the highest common divisor of 2666 and 774?
86
Calculate the greatest common divisor of 36 and 480.
12
Calculate the highest common divisor of 7 and 63.
7
What is the greatest common divisor of 138 and 161?
23
Calculate the highest common factor of 16 and 2416.
16
Calculate the greatest common divisor of 1548 and 108.
36
Calculate the highest common factor of 9 and 7569.
9
Calculate the highest common factor of 2201 and 1519.
31
Calculate the greatest common divisor of 210 and 135.
15
What is the greatest common factor of 6 and 40?
2
Calculate the greatest common divisor of 1344 and 21.
21
Calculate the greatest common factor of 1304 and 88.
8
Calculate the highest common divisor of 1763 and 123.
41
Calculate the greatest common factor of 21293 and 199.
199
What is the greatest common divisor of 4 and 124?
4
Calculate the greatest common factor of 15 and 735.
15
Calculate the greatest common factor of 6 and 642.
6
What is the greatest common divisor of 33 and 1056?
33
Calculate the greatest common divisor of 9240 and 48.
24
Calculate the highest common factor of 12 and 1476.
12
What is